actor of f and 198?
22
Let v be ((-36090)/(-27) - 7) + (-1)/(-3). What is the greatest common divisor of v and 70?
70
Let s(l) = l**3 - l**2 + 2*l - 2. Let k be s(1). Suppose k = -6*h - 469 + 1435. Suppose 2*t = h - 21. Calculate the greatest common factor of 14 and t.
14
Let d(n) = -n**3 - n**2 + 89*n + 3630. Let z be d(0). Calculate the greatest common factor of z and 18.
6
Let p be -4*(8 + -5)/3*-1. Let y be (104 + -4)/(p - 2). Calculate the highest common factor of 160 and y.
10
Let q be (-3)/18*4*42/4. Let x be -237*10/35 + 2/q. Let i be 2710/85 + (-8)/x. Calculate the highest common divisor of i and 80.
16
Suppose -4*u + 5 = -3*q, 2*q - 4*q - 5*u + 12 = 0. Let d be ((-18)/(-12))/(1*q/2). Let m be d*1 - (-11 - 3). What is the highest common factor of m and 17?
17
Let r = 3374 - 3347. What is the highest common factor of r and 9?
9
Let b be 0 + -5 - (-266 + -4095). What is the highest common divisor of b and 36?
36
Let x be 8/(-3)*((-10)/2 - -2). Suppose 3*i - x = i. Suppose 0 = -i*l - 4, 2*l + 181 = 5*p + l. What is the greatest common divisor of 18 and p?
18
Suppose -z + 182 = 19*g - 18*g, 0 = g - 2. What is the highest common divisor of 750 and z?
30
Let s be (-154)/(-44)*(-20)/(-7). Suppose -s*a + 11*a - 2*h - 75 = 0, -2*h = -4*a + 318. What is the greatest common divisor of 27 and a?
27
Suppose 1145 - 151 = 76*y - 602. Suppose 4*f - 14 = l, 2*f - 3*l = -0*f + 2. Let v = f + -1. Calculate the highest common divisor of v and y.
3
Suppose -72*s + 360 = -42*s + 60*s. What is the greatest common factor of 990 and s?
2
Suppose 0 = -1127*t + 1125*t + 3 + 9. Calculate the highest common factor of t and 40.
2
Let j(y) = -y**3 + 87*y**2 - 107*y - 1008. Let d be j(83). Calculate the greatest common factor of d and 117.
117
Suppose 8622*k - 8625*k = -2340. Calculate the highest common factor of 60 and k.
60
Let n be 43*(-9 - (-5 + -549)). Calculate the greatest common factor of 218 and n.
109
Let m(a) = -a**2 + a. Suppose 8 = -7*d + 15*d. Let f be m(d). Let b = 18 + f. Calculate the greatest common divisor of b and 45.
9
Suppose j + 2*t - 20 = 0, 42*t = 5*j + 45*t - 100. What is the greatest common factor of 60 and j?
20
Suppose r - 79 = 4*i, 5*r - 3*i + 34 = 480. Suppose -h = b - 7, -79 = -2*h - 5*b - 65. What is the greatest common divisor of h and r?
7
Let u = -19362 + 20006. What is the greatest common divisor of u and 1?
1
Let d = 4685 + -4087. What is the greatest common factor of d and 364?
26
Let b(p) = 6*p + 39. Let z be b(-4). Let w be ((-270)/8)/(((-63)/(-28))/(-9)). Calculate the highest common divisor of z and w.
15
Let o(q) = 5*q**2 + 18*q - 39. Let j be o(3). What is the highest common factor of j and 15?
15
Let m = -326 + 571. Let q = 247 + -82. Suppose -3*l - 45 = -5*o - q, 4*o + 47 = l. Calculate the greatest common factor of m and l.
35
Suppose -r + 88 = r. Let o = 1433 + -793. Let z = o + -636. What is the greatest common factor of z and r?
4
Let p be 38 + 8/(-2) + 6. Let m be (2 - -13) + (p - 47). Calculate the highest common divisor of 368 and m.
8
Let i(o) = -o**2 - 12*o + 13. Let m be i(-12). Let q(n) = 2*n**2 - 34*n + 247. Let x be q(17). What is the highest common divisor of m and x?
13
Suppose -105*a + 68*a - 10440 = -61*a. Calculate the highest common divisor of 1392 and a.
87
Let a = 4 - 2. Let g be 46/a - (28/(-7) - -3). Suppose -3*z - 3 = -g. Calculate the highest common divisor of 63 and z.
7
Let c = -10345 - -14012. Calculate the greatest common divisor of 76 and c.
19
Let z be ((-72)/45*3)/(6/(-1000)). Suppose 19*b + z = 24*b. What is the highest common factor of b and 64?
32
Suppose -4*r - 3*l = -33, 3*r - 3*l = 4 + 5. Suppose -5*d = -4*h + 774, 0 = 3*h - 9*d + r*d - 582. Calculate the greatest common factor of 28 and h.
28
Let k = 178 + -281. Let r = k - -107. Suppose 2*a + 3*v - 24 = 8*v, 22 = r*a + 3*v. What is the highest common divisor of a and 119?
7
Let z = 1617 + -1587. Calculate the greatest common divisor of 2940 and z.
30
Let y = -10892 + 11022. What is the greatest common factor of 1370 and y?
10
Suppose -9*a = -1808 + 728. Let v = 76 + -68. Calculate the highest common factor of a and v.
8
Suppose 10*m - 627 - 1001 = 2672. What is the greatest common divisor of 140 and m?
10
Let s = -14 - -157. Calculate the greatest common factor of 154 and s.
11
Let q(y) = 125*y - 1289. Let p be q(11). Calculate the greatest common factor of p and 7869.
43
Let b = -89 + 89. Suppose b = 22*w - 17*w - 50. Suppose -10*d + w + 0 = 0. Calculate the greatest common divisor of 5 and d.
1
Let o(v) be the second derivative of v**4/6 + 14*v**3/3 - 5*v**2 - 32*v. Let n be o(-15). Suppose -d = n - 60. Calculate the highest common factor of d and 16.
8
Suppose 640 = 6*z + 154. Suppose 4*p - 26 - 10 = 0. What is the highest common factor of z and p?
9
Let a(w) = w**3 - 2*w**2 + 3*w - 4. Let r be a(3). Let k = 25 - r. Let o = 1391 + -1237. Calculate the highest common divisor of k and o.
11
Let m(d) be the first derivative of -5*d**2/2 + 25*d - 3. Let c be m(4). Suppose 3*z - c = 16. What is the greatest common divisor of 1 and z?
1
Suppose 2162 - 452 = 18*x. Let y(w) = w**2 - 2*w - 5. Suppose 0 = -v + 5 + 1. Let q be y(v). Calculate the greatest common divisor of x and q.
19
Suppose 60258 = 74*m - 36756. Calculate the highest common divisor of 345 and m.
69
Let z(d) = -63*d**3 - 5*d**2 + 8*d + 27. Let m be z(-2). What is the highest common factor of 462 and m?
33
Let u(y) = 5*y + 60. Let p be u(-18). Let a = 139 - p. Calculate the highest common factor of a and 13.
13
Let d(o) = 48 + 7*o + 7 + 72. Let t be d(-13). What is the greatest common divisor of 12 and t?
12
Let f = -9315 + 11335. Calculate the highest common factor of f and 5.
5
Let a = -1123 - -495. Let m = -552 - a. Calculate the highest common divisor of m and 152.
76
Let j be (15/(-30))/(3/(-6)) - -912. Let c = 16 - -67. Calculate the highest common factor of j and c.
83
Suppose -w + 4*c - 2 = -7, -34 = -2*w - 4*c. Suppose 17*n - w*n = 660. Suppose 0*h + 5*h = n. Calculate the highest common divisor of h and 55.
11
Suppose -14*h + 369 = 7*h - 261. Suppose -5*o = 0, -s + 6*s - 150 = -2*o. What is the greatest common factor of s and h?
30
Let s be 132 + (-108)/9 + 0. Calculate the highest common divisor of 384 and s.
24
Let a = -1638 + 3562. Calculate the greatest common factor of a and 37.
37
Suppose 8*a + 136 - 32 = 0. Let p be (a + -55)/(-2 - 7/(-4)). What is the greatest common factor of 17 and p?
17
Let b = 35 + -22. Let h = b + -7. Let d be 172/3 + (-10)/(-15) + -4. Calculate the greatest common factor of d and h.
6
Suppose 0 = -5*v - 5, 0 = 3*f - 2*v + 4*v - 73. Suppose -787 = -4*i - 255. Suppose -4*g = 33 - i. What is the greatest common factor of g and f?
25
Let q = 247 - 86. Suppose 17*a = 94 + q. Calculate the greatest common divisor of 375 and a.
15
Suppose 0 = -26*d + 16*d + 380. Suppose l = -j + d, -j + 3*l + 38 = l. Calculate the greatest common factor of j and 2.
2
Suppose 19*r - 181*r + 43808 + 75748 = 0. What is the greatest common factor of r and 1722?
246
Suppose -2*i = -5*l + 61, 9 = -62*l + 63*l - 2*i. Calculate the highest common factor of 4485 and l.
13
Suppose -c + 2013 - 355 = 5*b, 0 = 3*b - 9. Calculate the greatest common factor of c and 31.
31
Suppose -n = 3*a + 367, 5*n - 2*n + 1087 = 5*a. Let c = n - -396. Calculate the greatest common factor of c and 160.
32
Let y be (-14)/(-8) - (-3)/12. Suppose -4*d = 16, 5 = y*g + 4*d + 9. Calculate the greatest common divisor of g and 246.
6
Let w(h) = 3*h**3 - 4*h**2 - 33*h + 114. Let g be w(5). What is the highest common divisor of 11312 and g?
112
Let r be (-1 - 1)/(84/3654). Let x be 3 + 45/(-5) - r. What is the highest common factor of 18 and x?
9
Let a = -87 - -161. Suppose -3*v + a = o + 4*o, 88 = 3*v - 2*o. Suppose -6*b + 8 = -v. What is the highest common divisor of b and 18?
6
Let q(c) = -17*c**2 + 102*c - 4. Let d be q(5). Calculate the highest common factor of 567 and d.
81
Let s = 19358 - 9633. What is the highest common factor of 75 and s?
25
Let j(y) be the third derivative of y**5/20 + 5*y**4/12 - 52*y**3/3 + 69*y**2. Let h be j(6). What is the greatest common divisor of h and 224?
32
Let d be ((-2)/6)/(109/(-11548005)). Calculate the greatest common factor of 35 and d.
35
Let x